19. Let w(p) = p + 1. Let l(y) = d(y) + 4*w(y). What are the prime factors of l(-3)?
7, 17
Let c be (-310)/4 - (-15)/10. Let b = -38 - c. Suppose 3*j = 4*v - 3*v - 34, -v + b = j. List the prime factors of v.
37
Let z(q) = -q**2. Let n(u) = -u**3 + 13*u**2 - 10*u - 10. Let y(b) = n(b) - 2*z(b). Let f(r) = 18*r - 4. Let p be f(1). List the prime factors of y(p).
2, 23
Let f(k) = -9*k**3 + 6*k**2 + 4*k + 2. Let z be (-18)/(-144) + (-34)/16. List the prime factors of f(z).
2, 3, 5
Let w(l) = l**2 - l + 11. Let g be w(0). Let z = 19 + g. Suppose 0 = -6*q + 3*q + z. List the prime factors of q.
2, 5
Let z be (-2)/(-9) + (-1138)/18. Let n = -26 - z. List the prime factors of n.
37
Let o(p) = -5*p**2 + 1. Let t be o(5). Let r = -71 - t. List the prime factors of r.
53
What are the prime factors of (-32889)/(-133)*(-1 + 8)?
3, 577
Suppose -2*m + 5*j - 3975 = -4*m, -3*j = 5*m - 9909. What are the prime factors of m?
2, 3, 5, 11
Let j be (-5)/(-2) - (-1)/(-2). Suppose -4*s - 4*k - 36 = 0, -5*s - 53 = j*k - k. What are the prime factors of ((-14)/(-4))/(s/(-66))?
3, 7
Let g(j) = -10*j**3 - 8*j + 19. List the prime factors of g(-4).
691
Let s(v) = -4*v - 2. Let y = 0 - -14. Suppose 3*a = -4*g + y, -9 + 27 = a + 4*g. What are the prime factors of s(a)?
2, 3
Let j = -49 + 692. List the prime factors of j.
643
Let a(c) = 160*c**2 + 2*c - 3. Let j(x) = -x**3 - 7*x**2 - 5*x + 7. Let f be j(-6). List the prime factors of a(f).
3, 53
Let x = 6 + 4. Suppose 0 = -5*m - x, -4*q + 3*m = -0*m - 246. What are the prime factors of q?
2, 3, 5
Let v(q) = 30*q - 17. Let i be v(5). Suppose 35 = 4*x - i. List the prime factors of x.
2, 3, 7
What are the prime factors of 10/(-50) - (-7233)/15?
2, 241
Suppose 5*g = -4*v - 11, -2 = 2*g - 4*g. Let q(p) = -2*p - 6. Let y be q(v). Suppose 0 = y*d, 4*l + d + 8 = 32. What are the prime factors of l?
2, 3
Let i = -12 + 17. Suppose -71 - 8 = -i*r - 3*g, 13 = 2*r - 5*g. What are the prime factors of r?
2, 7
Let k = 10 - 10. Let z be (k - -1)*(33 - 3). Let f = -18 + z. List the prime factors of f.
2, 3
Suppose 77*y = 80*y - 1593. What are the prime factors of y?
3, 59
Let g(x) be the first derivative of -x**4/4 + 2*x**3 + 2*x**2 + 4*x + 13. List the prime factors of g(-3).
73
Let w = 599 - 339. What are the prime factors of w?
2, 5, 13
Suppose a + 4*i - 534 = 0, i + 2689 = 5*a + 2*i. What are the prime factors of a?
2, 269
Suppose -r + 3096 = 2*a, -5183 - 1054 = -2*r + 5*a. What are the prime factors of r?
2, 1553
Let m be 4/(-6) + 7172/(-33). List the prime factors of 1/20*8 + m/(-5).
2, 11
Let o = 837 - 503. What are the prime factors of o?
2, 167
Let x be 414/8 - (-9)/36 - 1. Let i = x - 32. What are the prime factors of i?
19
Suppose 3*w + 17 = 5*r - 15, -20 = 5*w. Let i(t) = 18*t - 25. Let s be i(4). Suppose -4*g + 116 = r*n, 0 = g - 2*n - s + 18. List the prime factors of g.
29
Let c = 990 + -300. List the prime factors of c.
2, 3, 5, 23
Let o be (-368)/(-4)*1 + 4. Let c = -63 + o. What are the prime factors of c?
3, 11
Suppose 3*p = -0*p - 36. Let m be ((-21)/4)/(3/p). Suppose 59 = 5*z - m. What are the prime factors of z?
2
Let i(l) = 4*l**2 - l - 51. What are the prime factors of i(20)?
11, 139
Let p(j) be the first derivative of j**2/2 + 12*j - 10. Let v be p(-9). Suppose -5*q + 0*l = -4*l - 246, -3*l + v = 0. List the prime factors of q.
2, 5
What are the prime factors of ((-108)/(-15))/(-2)*12395/(-111)?
2, 3, 67
Suppose 12 = 3*p + 2*k, -1 = -p + k + 3. List the prime factors of (-3)/((-3)/(-134)*p/(-6)).
3, 67
Let n = 5272 + -3251. What are the prime factors of n?
43, 47
Suppose 2*y - 9*o - 704 = -4*o, 3*y - 2*o = 1067. What are the prime factors of y?
3, 7, 17
What are the prime factors of 140994/216 + 14/(-8)?
3, 7, 31
Let f = -93 - -303. Let a = -144 + f. List the prime factors of a.
2, 3, 11
Suppose -202*w = -186*w - 62800. List the prime factors of w.
5, 157
Let m = 693 + -331. Suppose -a - 2*a - 2*b - 214 = 0, -m = 5*a - 2*b. What are the prime factors of a/(-7) - 16/56?
2, 5
Let h(i) = 34*i**2 + 11*i - 8. What are the prime factors of h(4)?
2, 5, 29
Let b = 23 + -19. Suppose 3 + 9 = -g - b*j, 0 = -4*j - 8. Let z = 9 + g. What are the prime factors of z?
5
Suppose -3*w - 6*w = 486. Let n = w - -172. List the prime factors of n.
2, 59
What are the prime factors of ((-4)/12)/((-3 - 1)/1560)?
2, 5, 13
Suppose -4*c - 90 = -3*v - 3*c, -c + 127 = 4*v. Let r = v - 29. Suppose t - m - 59 = r*m, -3*t - 2*m + 166 = 0. What are the prime factors of t?
2, 7
Let p(g) = 2*g**3 + 24*g**2 - 15*g + 24. Let d be p(-13). Let c = d - -322. What are the prime factors of c?
7, 29
What are the prime factors of -2*6/24*-1496?
2, 11, 17
Let s(z) = z + 2. Let l = 6 - 8. Let q = l + 7. List the prime factors of s(q).
7
Let n(l) = 16*l - 8. Let w(i) be the first derivative of 17*i**2/2 - 7*i - 5. Let m(f) = -5*n(f) + 6*w(f). List the prime factors of m(2).
2, 3, 7
Suppose -35*x + 12 = -32*x. Suppose 0 = -0*j + x*j + 160. Let b = 61 + j. What are the prime factors of b?
3, 7
Let s(f) be the third derivative of 29*f**4/6 + 7*f**2. What are the prime factors of s(1)?
2, 29
Suppose 4*f + 7*m = 4*m + 35, f + 4*m = 25. Let k be (-3)/(-2 - f/(-4)). Suppose a - 34 = -5*l + 36, 5*l - k*a = 45. What are the prime factors of l?
13
Suppose 2*t - 5 = -5*c, 4*t + c - 19 = -0*c. Suppose -164 = -t*r + 31. What are the prime factors of r?
3, 13
Suppose 14*s - 27 = 11*s. Let d(r) = -r**2 - 3*r - 1. Let f be d(-1). Suppose c - s = f. What are the prime factors of c?
2, 5
Let a(x) = -25*x. Let r be -3*2/(2 - -4) + -2. What are the prime factors of a(r)?
3, 5
Suppose 3*a = -2*r + 2941, -16*a + 1470 = r - 15*a. List the prime factors of r.
13, 113
Let z = -6 + 13. Let r be ((-28)/(-8))/z*-4. List the prime factors of (-25 + 2 + 2)*r.
2, 3, 7
Suppose 45*m - 1081 - 3194 = 0. What are the prime factors of m?
5, 19
Suppose 0*i = 5*i - 5. Let m be (-3)/(2 + i) + 40. Suppose 3*v - 5*o - 32 = 0, m = 3*v - 2*o + 1. List the prime factors of v.
2, 7
Suppose -1036*c + 1029*c = -25746. What are the prime factors of c?
2, 3, 613
Let h = 31 + -61. What are the prime factors of h/(-150) + 724/5?
5, 29
Let s(u) = -u**3 + 8*u**2 - 7*u + 2. Let q be s(7). Suppose -3*p = p - 12. Suppose q*c = -p*c + 205. What are the prime factors of c?
41
Let v(t) = -30*t + 121. List the prime factors of v(-10).
421
Let v = -818 + 2238. What are the prime factors of v?
2, 5, 71
List the prime factors of 2004/4 - (9 + (-8)/2).
2, 31
Suppose 0 = -i + 2*i - 3. Let s be (17 - 2)/(9/12). What are the prime factors of (s/(-2))/(i/(-6))?
2, 5
Let z be 1/((-4)/(-235 + -1)). Suppose 880 = -z*p + 64*p. List the prime factors of p.
2, 11
Let w be 5/10*(-8)/2. Suppose d - 3*d = -40. Let s = d - w. What are the prime factors of s?
2, 11
Suppose -2*o + 0*o = 4*p - 190, 285 = 3*o + 3*p. What are the prime factors of o?
5, 19
Let k(u) = -18*u**3 + u**2 - 2*u - 10. What are the prime factors of k(-3)?
491
What are the prime factors of -2 - (9 - 8)*-973?
971
Suppose w + 6 + 3 = 3*q, q = 2*w + 3. Let j = 198 - 168. Suppose v + j = q*v. What are the prime factors of v?
3, 5
Let b = -15 + 17. Suppose -10 = -3*a - 5*i, -b*a + i = -0*a + 2. Suppose -z + 0*z + 17 = a. List the prime factors of z.
17
What are the prime factors of (16 - 4) + (4 - 9)?
7
Let x(f) = -f**2 + 7*f - 6. Let g be x(4). Suppose -10*v + 13*v - g = 0. What are the prime factors of -16*v*4/(-16)?
2
Let p be 450/4*(40/15 + -2). Suppose 4*k - 1131 + p = 0. List the prime factors of k.
2, 3, 11
Suppose -5*a + 4*n = -4 - 2, 0 = -3*a + n + 5. Let o be 1859/5 + (-4)/(-20). Suppose -a*h = -8*h + o. List the prime factors of h.
2, 31
Let v be 0 - (-2 - -46)/(-4). Suppose 0 = a - 3*p - v, 55 = 5*a + 2*p - 4*p. Let h = a - 8. List the prime factors of h.
3
Let g(r) = -r**3 - 7*r**2 + 2*r + 3. Let s be g(-5). What are the prime factors of s*(3 - 8 - -4)?
3, 19
Let m(j) be the first derivative of -4*j**2 + 7*j - 17. What are the prime factors of m(-10)?
3, 29
Suppose -6545 = -4*r + 1103. What are the prime factors of r?
2, 239
Suppose u = w - 3*u, 3*u + 17 = 5*w. Suppose w*a - 3*a - 5 = 0. Suppose 205 = 5*b - a*v, 0 = b - 0*b + 5*v - 53. What are the prime factors of b?
43
Let u be (-2)/3 - (-76)/(-3). Suppose -11*x - 131 = -43. Let r = x - u. List the prime f